{"id":21,"date":"2017-03-06T11:29:36","date_gmt":"2017-03-06T14:29:36","guid":{"rendered":"http:\/\/fabiomedinaosorio.com.br\/iiede\/?page_id=21"},"modified":"2021-07-23T17:10:24","modified_gmt":"2021-07-23T20:10:24","slug":"conselho-de-preofessores","status":"publish","type":"page","link":"https:\/\/www.iiede.com.br\/index.php\/apresentacao\/conselho-de-preofessores\/","title":{"rendered":"Conselho de Professores"},"content":{"rendered":"<table width=\"595\">\n<tbody>\n<tr>\n<td width=\"595\"><a href=\"http:\/\/lattes.cnpq.br\/8907986852429278\"><strong>Carlos Ari Sundfeld<\/strong><\/a><\/td>\n<\/tr>\n<tr>\n<td width=\"595\">Prof. Dr. Pontif\u00edcia Universidade Cat\u00f3lica de S\u00e3o Paulo \u2013 Brasil<\/td>\n<\/tr>\n<tr>\n<td width=\"595\"><a href=\"https:\/\/www.icjp.pt\/corpo-docente\/docente\/2111\"><strong>Carlos Manuel Blanco de Morais<\/strong><\/a><\/td>\n<\/tr>\n<tr>\n<td width=\"595\">Prof. Dr. Universidade de Lisboa \u2013 Portugal<\/td>\n<\/tr>\n<tr>\n<td width=\"595\"><\/td>\n<\/tr>\n<tr>\n<td width=\"595\"><a href=\"http:\/\/buscatextual.cnpq.br\/buscatextual\/visualizacv.do?id=K4703660D6\"><strong>Jos\u00e9 Eduardo Soares de Melo<\/strong><\/a><\/td>\n<\/tr>\n<tr>\n<td width=\"595\">Prof. Dr. Pontif\u00edcia Universidade Cat\u00f3lica de S\u00e3o Paulo \u2013 Brasil<\/td>\n<\/tr>\n<tr>\n<td width=\"595\"><\/td>\n<\/tr>\n<tr>\n<td width=\"595\"><a href=\"http:\/\/buscatextual.cnpq.br\/buscatextual\/visualizacv.do?id=K4745157D8\"><strong>Luciano de Ara\u00fajo Ferraz<\/strong><\/a><\/td>\n<\/tr>\n<tr>\n<td width=\"595\">Prof. Dr. Universidade Federal de Minas Gerais \u2013 Brasil<\/td>\n<\/tr>\n<tr>\n<td width=\"595\"><\/td>\n<\/tr>\n<tr>\n<td width=\"595\"><\/td>\n<\/tr>\n<tr>\n<td width=\"595\"><a href=\"http:\/\/buscatextual.cnpq.br\/buscatextual\/visualizacv.do?id=K4784791P3\"><strong>Marcelo Figueiredo<\/strong><\/a><\/td>\n<\/tr>\n<tr>\n<td width=\"595\">Prof. Dr. Pontif\u00edcia Universidade Cat\u00f3lica de S\u00e3o Paulo \u2013 Brasil<\/td>\n<\/tr>\n<tr>\n<td width=\"595\"><\/td>\n<\/tr>\n<tr>\n<td width=\"595\"><\/td>\n<\/tr>\n<tr>\n<td width=\"595\"><\/td>\n<\/tr>\n<tr>\n<td width=\"595\"><a href=\"http:\/\/buscatextual.cnpq.br\/buscatextual\/visualizacv.do?id=K4533095A8\"><strong>Marcos Juruena Villela Souto\u00a0\u2013 <em>in memoriam<\/em><\/strong><\/a><\/td>\n<\/tr>\n<tr>\n<td width=\"595\">Prof. Dr. Universidade Gama Filho \u2013 Brasil<\/td>\n<\/tr>\n<tr>\n<td width=\"595\"><\/td>\n<\/tr>\n<tr>\n<td width=\"595\"><\/td>\n<\/tr>\n<tr>\n<td width=\"595\"><a href=\"https:\/\/www.icjp.pt\/sites\/default\/files\/media\/2011._paulo_otero_curriculum_vitae_-_resumo.pdf\"><strong>Paulo Manuel da Cunha Otero<\/strong><\/a><\/td>\n<\/tr>\n<tr>\n<td width=\"595\">Prof. Dr. Universidade de Lisboa \u2013 Portugal<\/td>\n<\/tr>\n<tr>\n<td width=\"595\"><\/td>\n<\/tr>\n<tr>\n<td width=\"595\"><a href=\"http:\/\/lattes.cnpq.br\/7484940695853260\"><strong>Paulo Modesto<\/strong><\/a><\/td>\n<\/tr>\n<tr>\n<td width=\"595\">Prof. Universit\u00e9 Catholique de Louvain, U.C.L \u2013 B\u00e9lgica<\/td>\n<\/tr>\n<tr>\n<td width=\"595\"><\/td>\n<\/tr>\n<tr>\n<td width=\"595\"><a href=\"https:\/\/www.stj.jus.br\/sites\/portalp\/Paginas\/Institucional\/Arquivo-Cidadao\/Linha-Sucessoria-dos-Ministros\/Villas-Boas-Cueva.aspx\"><strong>Ricardo Villas B\u00f4as Cueva<\/strong><\/a><\/td>\n<\/tr>\n<tr>\n<td width=\"595\">Prof. Dr. Goethe-Universit\u00e4t Frankfurt am Main \u2013 Alemanha<\/td>\n<\/tr>\n<tr>\n<td width=\"595\"><\/td>\n<\/tr>\n<tr>\n<td width=\"595\"><a href=\"https:\/\/www.icjp.pt\/sites\/default\/files\/content\/corpoDocente\/curriculums\/cv_2013_17.pdf\"><strong>Vasco Manuel Pascoal Dias Pereira da Silva<\/strong><\/a><\/td>\n<\/tr>\n<tr>\n<td width=\"595\">Prof. Dr. Universidade de Lisboa \u2013 Portugal<\/td>\n<\/tr>\n<\/tbody>\n<\/table>\n<p>&nbsp;<\/p>\n","protected":false},"excerpt":{"rendered":"<p>Carlos Ari Sundfeld Prof. Dr. Pontif\u00edcia Universidade Cat\u00f3lica de S\u00e3o Paulo \u2013 Brasil Carlos Manuel Blanco de Morais Prof. Dr. Universidade de Lisboa \u2013 Portugal Jos\u00e9 Eduardo Soares de Melo Prof. Dr. Pontif\u00edcia Universidade Cat\u00f3lica de S\u00e3o Paulo \u2013 Brasil Luciano de Ara\u00fajo Ferraz Prof. Dr. Universidade Federal de Minas Gerais \u2013 Brasil Marcelo Figueiredo [&hellip;]<\/p>\n","protected":false},"author":1,"featured_media":0,"parent":8,"menu_order":0,"comment_status":"closed","ping_status":"closed","template":"","meta":{"jetpack_post_was_ever_published":false,"footnotes":""},"class_list":["post-21","page","type-page","status-publish","hentry"],"aioseo_notices":[],"jetpack_sharing_enabled":true,"jetpack_shortlink":"https:\/\/wp.me\/P8yvmq-l","_links":{"self":[{"href":"https:\/\/www.iiede.com.br\/index.php\/wp-json\/wp\/v2\/pages\/21","targetHints":{"allow":["GET"]}}],"collection":[{"href":"https:\/\/www.iiede.com.br\/index.php\/wp-json\/wp\/v2\/pages"}],"about":[{"href":"https:\/\/www.iiede.com.br\/index.php\/wp-json\/wp\/v2\/types\/page"}],"author":[{"embeddable":true,"href":"https:\/\/www.iiede.com.br\/index.php\/wp-json\/wp\/v2\/users\/1"}],"replies":[{"embeddable":true,"href":"https:\/\/www.iiede.com.br\/index.php\/wp-json\/wp\/v2\/comments?post=21"}],"version-history":[{"count":9,"href":"https:\/\/www.iiede.com.br\/index.php\/wp-json\/wp\/v2\/pages\/21\/revisions"}],"predecessor-version":[{"id":8632,"href":"https:\/\/www.iiede.com.br\/index.php\/wp-json\/wp\/v2\/pages\/21\/revisions\/8632"}],"up":[{"embeddable":true,"href":"https:\/\/www.iiede.com.br\/index.php\/wp-json\/wp\/v2\/pages\/8"}],"wp:attachment":[{"href":"https:\/\/www.iiede.com.br\/index.php\/wp-json\/wp\/v2\/media?parent=21"}],"curies":[{"name":"wp","href":"https:\/\/api.w.org\/{rel}","templated":true}]}}