{"id":10,"date":"2017-03-06T11:25:30","date_gmt":"2017-03-06T14:25:30","guid":{"rendered":"http:\/\/fabiomedinaosorio.com.br\/iiede\/?page_id=10"},"modified":"2017-03-06T11:26:14","modified_gmt":"2017-03-06T14:26:14","slug":"institucional","status":"publish","type":"page","link":"https:\/\/www.iiede.com.br\/index.php\/apresentacao\/institucional\/","title":{"rendered":"Institucional"},"content":{"rendered":"<h3>Institucional<\/h3>\n<p><img decoding=\"async\" class=\"alignright\" src=\"http:\/\/www.iiede.org.br\/uploads\/paginas\/Image\/escritorio_iiede.jpg\" alt=\"\" \/>Ao iniciar o novo mil\u00eanio, constatamos a necessidade premente de criar mais um p\u00f3lo internacional de debate cient\u00edfico do mais alto n\u00edvel, no Brasil. Em raz\u00e3o disso, resolvemos unir esfor\u00e7os no sentido de criar o INSTITUTO INTERNACIONAL DE ESTUDOS DE DIREITO DO ESTADO &#8211; IIEDE. Trata-se de uma associa\u00e7\u00e3o civil sem fins lucrativos, sediada em Porto Alegre, Capital do Estado do Rio Grande do Sul.<\/p>\n<p>O IIEDE tem por finalidade aglutinar a pesquisa e o conhecimento de especialistas, nacionais e internacionais, na \u00e1rea do Direito do Estado, abarcando, inicialmente, os ramos dos Direitos Constitucional, Tribut\u00e1rio e Administrativo. Nosso prop\u00f3sito \u00e9 realizar estudos, pesquisas, bem assim a difus\u00e3o e o interc\u00e2mbio de conhecimentos. Pretendemos contribuir para o aperfei\u00e7oamento da ordem jur\u00eddica, a partir das reflex\u00f5es de Direito Comparado, promovendo eventos e fomentando o aperfei\u00e7oamento da comunidade jur\u00eddica por meio de um intenso e incessante interc\u00e2mbio cultural.<\/p>\n<p>Esses ambiciosos projetos somente ser\u00e3o vi\u00e1veis se pudermos contar com a intelig\u00eancia e a iniciativa daqueles que acreditam na import\u00e2ncia do Direito do Estado e na possibilidade de aprimor\u00e1-lo a cada novo dia, difundindo-o \u00e0 comunidade cient\u00edfica.<br \/>\nSalientamos que o Presidente de Honra do Instituto \u00e9 o Professor EDUARDO GARC\u00edA DE ENTERR\u00edA, ilustre Catedr\u00e1tico da Universidade Complutense de Madrid, que re\u00fane as condi\u00e7\u00f5es que reputamos paradigm\u00e1ticas ao Instituto: \u00e9 homem das letras, com numerosas obras jur\u00eddicas publicadas e traduzidas em v\u00e1rios idiomas estrangeiros, ser humano exemplar e jurista da mais alta qualidade. Al\u00e9m disso, o \u201cmaestro\u201d \u00e9 presidente da Escuela de Catedr\u00e1ticos de D. Eduardo Garc\u00eda de Enterr\u00eda, grupo de estudiosos que se re\u00fane desde 1975 para debater temas importantes no \u00e2mbito do Direito do Estado (<a href=\"http:\/\/www.iiede.org.br\/uploads\/paginas\/File\/Reuni%C3%83%C2%B5es_Escuela%20de%20Catedr%C3%83%C2%A1ticos%20de%20D.%20Eduardo%20Garc%C3%83%C2%ADa%20de%20Enterr%C3%83%C2%ADa.pdf\" target=\"_blank\">confira o hist\u00f3rico de reuni\u00f5es AQUI<\/a>). Por fim, s\u00e3o Vice-Presidentes Honor\u00e1rios os Professores ALMIRO DO COUTO E SILVA e DIOGO DE FIGUEIREDO MOREIRA NETO, juristas brasileiros de renome internacional, cujas qualidades s\u00e3o de todos conhecidas.<\/p>\n<p>Para concretizar os seus fins, o IIEDE formar\u00e1 seus tr\u00eas conselhos de juristas convidados: Conselho de Catedr\u00e1ticos, Conselho de Professores e Conselho de Pesquisadores. Todos os juristas que comp\u00f5em os seus quadros s\u00e3o juristas de prest\u00edgio nacional e internacional interessados no di\u00e1logo e no interc\u00e2mbio acad\u00eamico e profissional.<\/p>\n","protected":false},"excerpt":{"rendered":"<p>Institucional Ao iniciar o novo mil\u00eanio, constatamos a necessidade premente de criar mais um p\u00f3lo internacional de debate cient\u00edfico do mais alto n\u00edvel, no Brasil. Em raz\u00e3o disso, resolvemos unir esfor\u00e7os no sentido de criar o INSTITUTO INTERNACIONAL DE ESTUDOS DE DIREITO DO ESTADO &#8211; IIEDE. Trata-se de uma associa\u00e7\u00e3o civil sem fins lucrativos, sediada [&hellip;]<\/p>\n","protected":false},"author":1,"featured_media":0,"parent":8,"menu_order":0,"comment_status":"closed","ping_status":"closed","template":"","meta":{"jetpack_post_was_ever_published":false,"footnotes":""},"class_list":["post-10","page","type-page","status-publish","hentry"],"aioseo_notices":[],"jetpack_sharing_enabled":true,"jetpack_shortlink":"https:\/\/wp.me\/P8yvmq-a","_links":{"self":[{"href":"https:\/\/www.iiede.com.br\/index.php\/wp-json\/wp\/v2\/pages\/10","targetHints":{"allow":["GET"]}}],"collection":[{"href":"https:\/\/www.iiede.com.br\/index.php\/wp-json\/wp\/v2\/pages"}],"about":[{"href":"https:\/\/www.iiede.com.br\/index.php\/wp-json\/wp\/v2\/types\/page"}],"author":[{"embeddable":true,"href":"https:\/\/www.iiede.com.br\/index.php\/wp-json\/wp\/v2\/users\/1"}],"replies":[{"embeddable":true,"href":"https:\/\/www.iiede.com.br\/index.php\/wp-json\/wp\/v2\/comments?post=10"}],"version-history":[{"count":2,"href":"https:\/\/www.iiede.com.br\/index.php\/wp-json\/wp\/v2\/pages\/10\/revisions"}],"predecessor-version":[{"id":12,"href":"https:\/\/www.iiede.com.br\/index.php\/wp-json\/wp\/v2\/pages\/10\/revisions\/12"}],"up":[{"embeddable":true,"href":"https:\/\/www.iiede.com.br\/index.php\/wp-json\/wp\/v2\/pages\/8"}],"wp:attachment":[{"href":"https:\/\/www.iiede.com.br\/index.php\/wp-json\/wp\/v2\/media?parent=10"}],"curies":[{"name":"wp","href":"https:\/\/api.w.org\/{rel}","templated":true}]}}